k(g) = -9*g + 1. Give k(c).
37
Let h(m) = m + 11. Let c be (0/3 - -1) + 16/2. Suppose -101 = c*y - 11. What is h(y)?
1
Let g(m) = 17*m - 183 + 60 + 60 + 66 - 14*m. Let h be (1 - -3)/(2 - 0). Let b = 0 - h. Determine g(b).
-3
Let z(y) = 1080*y**3 - y**2 + 1 + 1058*y**3 - y - 2137*y**3. Determine z(3).
16
Let h = 17 + -12. Let l(a) be the second derivative of 0 + 2/3*a**3 - 32*a - 1/12*a**4 - 1/2*a**2. What is l(h)?
-6
Suppose 0 = 2*w - 12*w. Let d(b) be the first derivative of -b**3/3 + b**2 - 31*b - 695. Give d(w).
-31
Let l(m) be the third derivative of 5*m**4/24 + 23*m**3/6 - 102*m**2 - 7*m. Give l(-4).
3
Let x(a) = -8*a**2 + 43*a + 19. Let w(g) = -3*g**2 + 15*g + 6. Let q(n) = 11*w(n) - 4*x(n). Suppose 3*y + 11 = 2*i - 4*i, 4*i = 20. Give q(y).
-10
Suppose 0 = -3*w - 3*b - 18, -5*w - 29 - 21 = b. Let c(d) = d**2 + 19*d + 81. Let m be c(w). Let g(p) = -4*p - 1. Determine g(m).
27
Let r(l) be the third derivative of -21*l**6/40 + l**5/60 - 11*l**4/24 - 7*l**3/6 + 15*l**2. Let j be r(-3). Let p(w) = -3*w**2 + 1736 - j. What is p(-1)?
-3
Let h(r) = -6*r**2 + 17*r + 5. Let y be h(3). Let d(j) = -j**2 - 5*j + 3. Give d(y).
-11
Let q(b) = 156 - 8*b - 148 + 7*b. Let y(i) be the first derivative of -i**4/2 - i**3 - i**2 - 2*i + 2. Let a be y(-2). Calculate q(a).
2
Let k(v) = 46*v + 5. Let s(u) = -44*u - 7. Let b(l) = k(l) + s(l). Let a = 12 - 22. Let t = a - -15. What is b(t)?
8
Let l(t) be the third derivative of t**5/60 - 7*t**4/24 - 3*t**3 - 29*t**2. Let g be -9 + (16 + 12 - 12). Determine l(g).
-18
Let x(g) be the third derivative of -g**5/20 - 31*g**4/24 + 34*g**3/3 + 2*g**2 + 2247. Determine x(2).
-6
Let i = 11 + -8. Suppose 4*c = -i*b - 1, -3*b = c - 0*c - 11. Let z(y) = y + 14. Let l(a) = 2. Let v(f) = 6*l(f) - z(f). Calculate v(b).
-7
Let y(o) = o**3 - 6*o**2 + 3*o - 1. Suppose -a = -2*f + 19, f + 5*a = -10 - 8. Let h be (-2 - 4) + f/((-42)/(-72)). Determine y(h).
17
Let s(c) = 19*c + 137. Suppose -47*r + 1831 - 2160 = 0. Calculate s(r).
4
Let g(h) = -6*h - 116. Let o(u) = 5*u + 109. Let y(p) = 4*g(p) + 3*o(p). Let d be y(-17). Let v(t) = -t**2 + 15*t + 16. Calculate v(d).
0
Let q(v) be the second derivative of -5*v**2 + 0 + 1/12*v**4 + 2*v**3 - 57*v. What is q(-13)?
3
Let v(g) = 2*g + 81. Let t(w) = w + 11. Let f(o) = 5*t(o) - v(o). Calculate f(4).
-14
Let d(r) = r**2 - 15*r - 329. Let a be d(27). Let n(w) be the second derivative of -6*w + 0 - 3*w**2 - w**3 - 1/12*w**4. Determine n(a).
-1
Suppose 2*r = -o, 0 = -6*r + 4*r + 2*o + 12. Suppose -3*d + 21 = 4*a, -4*a + 24 = r*d + 2*d. Let g(x) = 40*x + x**2 - 124*x + 83*x - 2. What is g(d)?
4
Let q(h) be the third derivative of 5/6*h**3 + 0*h - 60*h**2 - 5/24*h**4 + 0. What is q(4)?
-15
Let w(v) be the third derivative of 0*v + 1/60*v**5 - 1/6*v**4 + 0 + 50*v**2 - 5/3*v**3. What is w(6)?
2
Let f(u) = -u**3 - 4*u**2 + 3*u - 6. Let r be f(-5). Let o(b) = 818916 - 409473 - 409452 + 2*b. Calculate o(r).
-1
Suppose 5*p = 5*f - 10, -25*p + 24*p - 5*f + 4 = 0. Let b(u) = -56*u**2 - 2*u - 1. Calculate b(p).
-55
Let q(t) = -21*t + 24*t**2 + 22 - 63 - t**3 + 2 - 17 + 4. What is q(23)?
-6
Let t(r) = 47932*r**2 + 0*r + 5*r - 47931*r**2 + 7 - 12 - 9. Calculate t(7).
70
Suppose 18*i = 2*i + 34*i - 31014. Suppose -4*r + 2 = -6. Let w(j) = -6 - 1724*j**2 - 10*j + i*j**r + 3*j. Give w(-4).
6
Let z(y) = -3*y + 42. Let i be 46/14 + (-166)/581. Give z(i).
33
Let s(b) = b**3 + 6*b**2 - 4*b - 3. Suppose 446 - 822 = -8*o - 424. Determine s(o).
21
Let w(g) = g**3 - 11*g**2 - 5. Let l(t) = t**3 - 13*t**2 - 2*t - 5. Let q(z) = -3*l(z) + 4*w(z). Suppose 4*s = -0*s + 16. What is q(s)?
3
Let z(o) = 6*o**2 - 17*o - 2. Let p(x) = 16*x**2 - 50*x - 8. Let k(s) = -4*p(s) + 11*z(s). Give k(-6).
4
Let u(j) be the third derivative of 41*j**2 + 1/12*j**4 + 0*j + 1/6*j**3 + 1/60*j**5 + 0 + 1/30*j**6. Let y(f) = -f**2 - 6*f - 1. Let r be y(-6). What is u(r)?
-4
Let v(i) = -19*i. Let j(y) be the third derivative of y**6/120 + y**5/60 - 3*y**4/8 + 13*y**3/6 - 17*y**2 - 2*y. Let h be j(-4). Determine v(h).
-19
Let l(g) = 3*g**2 - 8. Let i(w) = -w**2 + w. Let b(h) = -4*i(h) - l(h). Let f(u) = u**3 + 29*u**2 + 327*u + 6480. Let n be f(-26). What is b(n)?
20
Let y = -8716 + 8710. Let a(n) = 3*n**2 + 9*n - 7. Calculate a(y).
47
Let i(o) = -4 + 3 + 5*o + 0*o. Suppose 0 = 3*c + 7 - 10. Suppose 2*f = u + c, 3*f - 12 = 4*u + u. Determine i(f).
-6
Suppose -7 = -10*f + 47*f - 81. Let n(u) = 10*u**2 + 4*u - 3. Give n(f).
45
Let a(n) = -n**2 + 8*n - 1. Let t be (7/(-28))/(1/(-4)). Let p be 4 + t/((-1)/(-5)). Suppose -3*u + 7 = 2*v - 5, 3*v + p = 0. Calculate a(u).
11
Let q(o) = o - 13. Let h(j) = 2*j - 39. Let p(r) = -2*h(r) + 7*q(r). Let c(n) = 7*n - 29. Let m(l) = 4*c(l) - 9*p(l). Calculate m(-4).
-3
Suppose f - 180 = 3*j, 4*j - 15 = 1. Suppose -f = -27*o + 375. Let d(b) = -b**3 + 20*b**2 + 21*b + 6. What is d(o)?
6
Let y(i) = i**3 - 6*i**2 + 4*i - 13. Let r = 1122 + -1116. Give y(r).
11
Let r(g) = 44*g + 112 - 21 - 178 - 108 - 37. What is r(5)?
-12
Let p(a) = -a**2 + a + 1. Let s(x) = 2*x**2 + 22*x + 20. Suppose -6*t + 4*t + 3*d = 35, -5*t = -2*d + 60. Let c be s(t). Determine p(c).
1
Let q(c) be the second derivative of c**4/12 - c**3/2 + 2020*c. Determine q(3).
0
Let g(s) be the second derivative of -s**3 - 35*s**2/2 + 844*s + 1. Determine g(-8).
13
Let q(f) be the second derivative of -19*f**3/6 - 9*f**2/2 + 187*f - 17. Give q(-2).
29
Let t(h) be the first derivative of h**4/4 + 2*h**3 + h**2 - 2*h - 19. Determine t(-4).
22
Let d(q) be the second derivative of -q**4/4 + 2*q**3/3 + 5*q**2 - 29*q - 47. What is d(-2)?
-10
Suppose 4*t = -3*t + 42. Let i(a) = -1 + t*a + 10*a - 48*a + 12*a + 13*a. Determine i(-3).
20
Suppose -6 = -4*o + f, 425*f = -4*o + 430*f + 46. Let m(s) = 418*s**2 + 77*s + 77. Let i(q) = 11*q**2 + 2*q + 2. Let c(a) = -231*i(a) + 6*m(a). Give c(o).
-33
Let u(v) = 81*v + 1. Let w(p) = -325*p + 8. Let h(j) = 4*u(j) + w(j). What is h(-16)?
28
Let m(y) be the second derivative of 0 - 246*y + 1/6*y**3 + 9*y**2. Give m(-15).
3
Suppose -3*m - 30 = -4*t, 600*m - 603*m - t - 30 = 0. Let h(c) = 3*c + 32. Determine h(m).
2
Let q = 1077 + -1078. Let s(h) = 24*h**2 + 2*h + 1. Determine s(q).
23
Suppose -j - 3*g - 16 = 0, 6*j + 8*g = 10*g - 176. Let c(m) = m**3 + 26*m**2 - 56*m + 1. Determine c(j).
1
Suppose 6*i + 0*i - 24 = 0. Let o(q) = -q + 4 - 1 + i*q - q**2. Let w(a) = -a**2 - 10*a - 21. Let z be w(-5). Determine o(z).
-1
Let r(x) = -x**2 - 27*x + 118. Let w = 34584 + -34615. Give r(w).
-6
Let j(a) be the second derivative of 1/2*a**2 - 6 + a**3 - 7*a - 1/12*a**4. What is j(5)?
6
Let a = -41 - -24. Let t = 22 + a. Suppose -5*u - 5*i - 10 = t, -2*u = 5*i + 6. Let d(g) = -g**3 - 5*g**2 - g + 2. Give d(u).
-13
Let b(p) = -42*p**3 - 33*p**3 - 7*p - 5*p**2 - 43*p**3 + 4 + 119*p**3. Give b(6).
-2
Suppose 5*g - 35 = 3*b, -5*b - 172 = -7*g - 115. Let x(k) = k**2 - 7*k - 179. Determine x(b).
-9
Let t be (-3)/6*2 + 1/(-1). Let w(o) = -o**2 - 1. Let r(a) be the first derivative of -a**3/3 + 3*a**2/2 - a + 5. Let b(u) = t*w(u) + r(u). Give b(-3).
1
Let k(r) = -r**3 - 6*r**2 + 3*r + 7. Let d be k(-6). Let n = 15 - d. Let c = n + -28. Let f(b) = 2*b**2 + 2*b - 1. Determine f(c).
3
Let w = 221 + -219. Let p(t) = -26*t**2 + 4*t + 19*t**w + 8*t**2 + 1. Determine p(-2).
-3
Let t = -22820/3 - -7607. Let u(v) be the third derivative of 15*v**2 + 1/12*v**4 + 0*v + 0 + t*v**3. What is u(-4)?
-6
Let z(h) = -8. Let n(f) = -f - 15. Let t(g) = -3*n(g) + 5*z(g). Suppose -4*c = -j + 89, 2*c = -19 + 11. Let s = -77 + j. Determine t(s).
-7
Let x(i) = 17*i - 89. Let o(q) = -11*q + 61. Let m(z) = 8*o(z) + 5*x(z). Calculate m(8).
19
Let n(m) = 22*m**3 - 38*m + 68*m - 2*m**2 - 44*m + 11*m - 2. Give n(-1).
-23
Let c(a) = 6*a - 10. Suppose k + 11 = 4*u, -36 = 2*k - 2*u - 20. What is c(k)?
-52
Let x(w) = -w**3 - 12*w**2 + 3. Let d be x(-12). Let a(l) = -24*l**2 + 19*l - 41. Let b(n) = 11*n**2 - 9*n + 19. Let u(p) = 6*a(p) + 13*b(p). Give u(d).
-17
Let o(j) = j**3 - 29*j**2 + 82*j - 91. Let s be o(26). Let b(h) = 3*h - 20. Calculate b(s).
19
Suppose -2*f + 94 = 28. Let r = f + -36. Let z(l) = -l. What is z(r)?
3
Let g(i) = -484*i + i**2 + 248*i + 240*i - 12. Calculate g(-7).
9
Let u(j) = -7*j**2 - 45*j + 38. Let n(t) = -2*t**2 - 16*t + 19. Let z(k) = 5*n(k) - 2*u(k). 